{"id":16119,"date":"2024-03-13T15:20:04","date_gmt":"2024-03-13T15:20:04","guid":{"rendered":"https:\/\/tienda.bodegacerrosancristobal.com\/?post_type=product&#038;p=16119"},"modified":"2024-03-15T14:33:34","modified_gmt":"2024-03-15T14:33:34","slug":"mis-2-estrellas","status":"publish","type":"product","link":"https:\/\/tienda.bodegacerrosancristobal.com\/index.php\/producto\/mis-2-estrellas\/","title":{"rendered":"Mis 2 estrellas"},"content":{"rendered":"\t\t<div data-elementor-type=\"wp-post\" data-elementor-id=\"16119\" class=\"elementor elementor-16119\">\n\t\t\t\t<div class=\"wd-negative-gap elementor-element elementor-element-7ba917d e-flex e-con-boxed e-con e-parent\" data-id=\"7ba917d\" data-element_type=\"container\" data-core-v316-plus=\"true\">\n\t\t\t\t\t<div class=\"e-con-inner\">\n\t\t<div class=\"elementor-element elementor-element-836b10c e-con-full e-flex e-con e-child\" data-id=\"836b10c\" data-element_type=\"container\">\n\t\t\t\t<div class=\"elementor-element elementor-element-1cb5edc elementor-widget elementor-widget-wd_text_block\" data-id=\"1cb5edc\" data-element_type=\"widget\" data-widget_type=\"wd_text_block.default\">\n\t\t\t\t<div class=\"elementor-widget-container\">\n\t\t\t\t\t<div class=\"wd-text-block reset-last-child text-left\">\n\t\t\t\n\t\t\t<div class=\"wpb_text_column wpb_content_element \"><div class=\"wpb_wrapper\"><h2>Mis 2 Estrellas<\/h2><\/div><\/div><div class=\"wpb_text_column wpb_content_element  vc_custom_1536219862486\"><div class=\"wpb_wrapper\"><p>Vino blanco, semiseco, Colombard y Moscatel. D. O. Condado de Huelva.\u00a0Un vino que nace como el amor de su madre a sus hijos. Sera siempre un vino que nos ense\u00f1ara otra forma de elaborar vinos blancos en su zona de producci\u00f3n. Sutil, fragante de color lim\u00f3n con aromas c\u00edtricos, florales y tropicales. Un vino dom\u00e9stico, pero carnoso y elegante. Con un final muy peculiar a polvo de talco que nos recuerda a los ni\u00f1os que nunca olvidaremos.<\/p><\/div><\/div>\n\t\t\t\t\t<\/div>\n\t\t\t\t<\/div>\n\t\t\t\t<\/div>\n\t\t\t\t<\/div>\n\t\t\t\t\t<\/div>\n\t\t\t\t<\/div>\n\t\t\t\t<\/div>\n\t\t","protected":false},"excerpt":{"rendered":"<p>Colombard, Moscatel de Alejandr\u00eda<\/p>\n","protected":false},"featured_media":16076,"template":"","meta":[],"product_cat":[20],"product_tag":[],"class_list":{"0":"post-16119","1":"product","2":"type-product","3":"status-publish","4":"has-post-thumbnail","6":"product_cat-vinos","8":"first","9":"instock","10":"shipping-taxable","11":"purchasable","12":"product-type-simple"},"_links":{"self":[{"href":"https:\/\/tienda.bodegacerrosancristobal.com\/index.php\/wp-json\/wp\/v2\/product\/16119","targetHints":{"allow":["GET"]}}],"collection":[{"href":"https:\/\/tienda.bodegacerrosancristobal.com\/index.php\/wp-json\/wp\/v2\/product"}],"about":[{"href":"https:\/\/tienda.bodegacerrosancristobal.com\/index.php\/wp-json\/wp\/v2\/types\/product"}],"version-history":[{"count":15,"href":"https:\/\/tienda.bodegacerrosancristobal.com\/index.php\/wp-json\/wp\/v2\/product\/16119\/revisions"}],"predecessor-version":[{"id":16201,"href":"https:\/\/tienda.bodegacerrosancristobal.com\/index.php\/wp-json\/wp\/v2\/product\/16119\/revisions\/16201"}],"wp:featuredmedia":[{"embeddable":true,"href":"https:\/\/tienda.bodegacerrosancristobal.com\/index.php\/wp-json\/wp\/v2\/media\/16076"}],"wp:attachment":[{"href":"https:\/\/tienda.bodegacerrosancristobal.com\/index.php\/wp-json\/wp\/v2\/media?parent=16119"}],"wp:term":[{"taxonomy":"product_cat","embeddable":true,"href":"https:\/\/tienda.bodegacerrosancristobal.com\/index.php\/wp-json\/wp\/v2\/product_cat?post=16119"},{"taxonomy":"product_tag","embeddable":true,"href":"https:\/\/tienda.bodegacerrosancristobal.com\/index.php\/wp-json\/wp\/v2\/product_tag?post=16119"}],"curies":[{"name":"wp","href":"https:\/\/api.w.org\/{rel}","templated":true}]}}